ousands digit of 3304460?
4
What is the units digit of 108033?
3
What is the thousands digit of 98023?
8
What is the units digit of 2766216?
6
What is the tens digit of 3826893?
9
What is the hundred thousands digit of 539759?
5
What is the tens digit of 25178583?
8
What is the ten thousands digit of 2400063?
0
What is the tens digit of 460762?
6
What is the ten thousands digit of 706932?
0
What is the hundreds digit of 270855?
8
What is the ten thousands digit of 41389?
4
What is the ten thousands digit of 372906?
7
What is the thousands digit of 1596295?
6
What is the units digit of 853763?
3
What is the ten thousands digit of 1254868?
5
What is the hundreds digit of 24796?
7
What is the hundred thousands digit of 199118?
1
What is the ten thousands digit of 3903894?
0
What is the tens digit of 1438104?
0
What is the hundreds digit of 682190?
1
What is the hundreds digit of 5282?
2
What is the units digit of 25855003?
3
What is the tens digit of 354678?
7
What is the tens digit of 1880053?
5
What is the hundreds digit of 530287?
2
What is the hundreds digit of 3173559?
5
What is the ten thousands digit of 12530?
1
What is the tens digit of 85942?
4
What is the units digit of 21536807?
7
What is the hundred thousands digit of 13625609?
6
What is the thousands digit of 8593855?
3
What is the tens digit of 631506?
0
What is the thousands digit of 8992697?
2
What is the tens digit of 4971?
7
What is the hundreds digit of 35942?
9
What is the millions digit of 10677211?
0
What is the millions digit of 7520562?
7
What is the ten thousands digit of 1556995?
5
What is the millions digit of 2303661?
2
What is the units digit of 187201?
1
What is the ten thousands digit of 418202?
1
What is the tens digit of 4509994?
9
What is the hundreds digit of 596729?
7
What is the hundreds digit of 418139?
1
What is the units digit of 412944?
4
What is the hundred thousands digit of 638104?
6
What is the thousands digit of 184164?
4
What is the thousands digit of 5321393?
1
What is the millions digit of 1768334?
1
What is the hundred thousands digit of 5273078?
2
What is the millions digit of 10102485?
0
What is the units digit of 1910377?
7
What is the tens digit of 5046496?
9
What is the hundreds digit of 1681051?
0
What is the ten thousands digit of 2260983?
6
What is the ten thousands digit of 5285453?
8
What is the hundreds digit of 585516?
5
What is the hundreds digit of 32537?
5
What is the tens digit of 10197252?
5
What is the units digit of 472206?
6
What is the millions digit of 18229578?
8
What is the tens digit of 238946?
4
What is the ten thousands digit of 19689985?
8
What is the hundred thousands digit of 183304?
1
What is the ten thousands digit of 94875?
9
What is the hundred thousands digit of 196624?
1
What is the units digit of 4797588?
8
What is the units digit of 500447?
7
What is the millions digit of 2856233?
2
What is the tens digit of 27506929?
2
What is the millions digit of 1137528?
1
What is the hundred thousands digit of 7069879?
0
What is the hundreds digit of 4124852?
8
What is the units digit of 6273307?
7
What is the tens digit of 7995285?
8
What is the ten thousands digit of 825298?
2
What is the ten thousands digit of 1535963?
3
What is the hundreds digit of 4449495?
4
What is the hundreds digit of 172964?
9
What is the ten thousands digit of 1904786?
0
What is the tens digit of 505235?
3
What is the tens digit of 390193?
9
What is the units digit of 448535?
5
What is the thousands digit of 2883181?
3
What is the ten thousands digit of 2471033?
7
What is the millions digit of 1798881?
1
What is the tens digit of 3194406?
0
What is the tens digit of 207956?
5
What is the units digit of 620363?
3
What is the hundreds digit of 23324?
3
What is the hundred thousands digit of 1682044?
6
What is the ten thousands digit of 50860?
5
What is the thousands digit of 22750186?
0
What is the hundred thousands digit of 14974154?
9
What is the hundred thousands digit of 599896?
5
What is the ten thousands digit of 8354343?
5
What is the hundreds digit of 1250806?
8
What is the tens digit of 89092?
9
What is the units digit of 374939?
9
What is the units digit of 124?
4
What is the hundreds digit of 1667417?
4
What is the thousands digit of 430234?
0
What is the tens digit of 211522?
2
What is the hundreds digit of 147608?
6
What is the hundreds digit of 49304?
3
What is the millions digit of 2367877?
2
What is the ten thousands digit of 1116080?
1
What is the millions digit of 1683539?
1
What is the thousands digit of 456478?
6
What is the tens digit of 619873?
7
What is the hundred thousands digit of 23328823?
3
What is the ten thousands digit of 3715630?
1
What is the tens digit of 456355?
5
What is the units digit of 194033?
3
What is the units digit of 33287849?
9
What is the millions digit of 2626076?
2
What is the thousands digit of 186449?
6
What is the units digit of 266629?
9
What is the units digit of 808435?
5
What is the hundreds digit of 374080?
0
What is the ten thousands digit of 402159?
0
What is the tens digit of 25961?
6
What is the hundred thousands digit of 1074284?
0
What is the units digit of 497369?
9
What is the ten thousands digit of 217043?
1
What is the tens digit of 310694?
9
What is the tens digit of 546550?
5
What is the tens digit of 562434?
3
What is the hundreds digit of 111308?
3
What is the tens digit of 10819886?
8
What is the hundreds digit of 500811?
8
What is the ten thousands digit of 364556?
6
What is the thousands digit of 360671?
0
What is the units digit of 19181975?
5
What is the ten thousands digit of 1173925?
7
What is the thousands digit of 252114?
2
What is the ten thousands digit of 410279?
1
What is the tens digit of 1422352?
5
What is the ten thousands digit of 163164?
6
What is the tens digit of 1746164?
6
What is the hundred thousands digit of 283293?
2
What is the hundreds digit of 1547155?
1
What is the ten thousands digit of 1834252?
3
What is the tens digit of 2787672?
7
What is the hundreds digit of 18898800?
8
What is the units digit of 43244?
4
What is the hundreds digit of 7002207?
2
What is the ten millions digit of 13101943?
1
What is the units digit of 138116?
6
What is the thousands digit of 1530343?
0
What is the hundred thousands digit of 1093305?
0
What is the hundred thousands digit of 11994756?
9
What is the ten thousands digit of 822368?
2
What is the ten thousands digit of 135618?
3
What is the millions digit of 33225861?
3
What is the millions digit of 26294259?
6
What is the hundred thousands digit of 13572630?
5
What is the tens digit of 575017?
1
What is the thousands digit of 335494?
5
What is the thousands digit of 3586860?
6
What is the hundreds digit of 85510?
5
What is the ten thousands digit of 10206496?
0
What is the thousands digit of 6037071?
7
What is the thousands digit of 192844?
2
What is the millions digit of 1662496?
1
What is the ten thousands digit of 123902?
2
What is the units digit of 21112?
2
What is the ten thousands digit of 278273?
7
What is the units digit of 1076374?
4
What is the millions digit of 1759048?
1
What is the hundreds digit of 62263?
2
What is the hundreds digit of 2216181?
1
What is the hundred thousands digit of 154408?
1
What is the ten thousands digit of 1895930?
9
What is the hundred thousands digit of 1191136?
1
What is the hundreds digit of 90739?
7
What is the hundreds digit of 583811?
8
What is the hundred thousands digit of 326008?
3
What is the millions digit of 5616318?
5
What is the units digit of 7493189?
9
What is the millions digit of 1637786?
1
What is the hundred thousands digit of 31999913?
9
What is the hundred thousands digit of 1564196?
5
What is the tens digit of 565561?
6
What is the ten thousands digit of 408227?
0
What is the tens digit of 7007856?
5
What is the thousands digit of 319342?
9
What is the hundreds digit of 7360494?
4
What is the millions digit of 1162061?
1
What is the hundreds digit of 373788?
7
What is the hundred thousands digit of 23281535?
2
What is the millions digit of 4142127?
4
What is the hundreds digit of 774546?
5
What is the units digit of 21775872?
2
What is the millions digit of 3358897?
3
What is the ten thousands digit of 282031?
8
What is the thousands digit of 59588